. Let t = -2 + z. Suppose -10*g - 635 = -1895. Calculate the highest common factor of g and t.
14
Let o(x) = -3*x + 24. Let c be o(6). Let q be 4 - (-3)/c*(0 + 40). Calculate the greatest common divisor of 16 and q.
8
Let g(f) = -196*f - 2220. Let t be g(-47). What is the highest common divisor of 8 and t?
8
Let a be (310/35)/(7/441). Calculate the highest common divisor of a and 54.
18
Suppose 2*r - 29*x - 716 = -31*x, r - 3*x = 366. What is the greatest common divisor of r and 3?
3
Let h be ((-12)/9)/(3/(-72)). Let o = -62 - -67. Suppose 3*g - o*v = 192, 0*g - v = -g + 64. Calculate the highest common factor of g and h.
32
Let w be ((-16)/(-4))/(-3 + (-42)/(-12)). Let v be (-2)/(-2*w/88). Calculate the greatest common factor of v and 1.
1
Let g = 584 - 583. Suppose 3*y - 4*y + 29 = -2*b, 0 = -2*y + 10. Let q be g/4 + (-21)/b. Calculate the greatest common divisor of q and 16.
2
Suppose 64 = 3*r + 4*j, -5*r - 3*j + 108 - 16 = 0. Suppose 0 = 80*c - 76*c + 1812. Let k = c - -525. What is the highest common divisor of k and r?
8
Let g be ((-2)/7 - 1330/147)*216/(-36). What is the highest common divisor of g and 119?
7
Let n(g) = -25*g + 557. Let r be n(13). Calculate the highest common divisor of 580 and r.
116
Let m = 2277 + -1927. Let j = -174 - -314. Calculate the greatest common divisor of j and m.
70
Let k be 76/(-4)*(-1 - 0). Suppose 19*t + 40*t = 20178. Calculate the greatest common factor of k and t.
19
Suppose -59*i - 3665 = 5*v - 64*i, -20 = -5*i. Let h = 204 - 681. Let o = h - v. What is the greatest common divisor of o and 36?
36
Suppose 114 - 30 = 3*n. Let c = n + -17. Suppose 4*r - 119 + 28 = -m, 493 = 5*m + r. Calculate the highest common factor of m and c.
11
Suppose 6*o = 570 + 798. Let u = 269 - o. Calculate the greatest common factor of u and 82.
41
Suppose 4*l + 0*l = 5*f + 398, -5*l - f + 483 = 0. Let q = -95 + l. Let n be 4/(-18) + (-276)/(-27). What is the greatest common divisor of q and n?
2
Let y(n) be the first derivative of 6*n**2 - 60*n - 14. Let v be y(32). Calculate the highest common factor of v and 24.
12
Let p be ((-2)/((-70)/(-3535)))/(((-1)/(-1))/(-2)). Calculate the greatest common divisor of 6161 and p.
101
Let m be (-30 - -15)*5/(20/(-48)). What is the highest common divisor of m and 684?
36
Let m be 37*2 + ((-110)/(-20) - 5)*4. Calculate the highest common divisor of m and 12844.
76
Suppose -4865*d = -4867*d + 2784. Calculate the greatest common divisor of 2262 and d.
174
Let a = -323 - -346. What is the greatest common factor of a and 1886?
23
Let w be (-44)/(-2) + (3 - 2). Let q(m) = 347*m - 2176. Let r be q(7). Calculate the highest common factor of w and r.
23
Let s(m) = 45*m - 300. Let r be s(7). Suppose 2*y = -7*y + 900. Calculate the greatest common factor of y and r.
5
Suppose -2*g = 3*h - 46, 414*g = -3*h + 413*g + 50. Calculate the highest common divisor of 10611 and h.
9
Let y be -6 - (1 - (-1 + 12)). Suppose -120 = -y*w - 2*w. Let n(o) = -3*o - 4. Let s be n(-3). Calculate the highest common divisor of w and s.
5
Let q(u) = -22*u. Let a be q(-2). Suppose -53*v - 2323 + 27975 = 0. What is the greatest common divisor of v and a?
44
Suppose h + g - 147 = 0, -589 - 17 = -4*h + 2*g. Let z = -190 + 220. What is the highest common factor of h and z?
30
Suppose -t = -4*f + 10, 0 = 4*t + 4*f - 19 - 1. Suppose t*y = 9*y - 616. Calculate the highest common factor of y and 396.
44
Let o = -44 + 89. Let u(h) = -4*h + 4*h**2 - h**3 + 12*h + 2 - 4*h**2. Let d be u(-3). What is the highest common factor of d and o?
5
Let x = -37 + 43. Let i be 4272/(-20)*(-5)/(-20)*-10. Calculate the highest common divisor of i and x.
6
Let w(i) = i**2 + 32*i + 138. Let p be w(-28). Suppose 42 + p = 2*z. What is the greatest common divisor of 493 and z?
17
Suppose 0*c - 4*c + 96 = 0. Suppose 12*y = 10*y + c. Let z = y + 0. What is the highest common divisor of z and 84?
12
Let f(b) = b**2 + 4. Let h = -206 + 203. Let j be f(h). Calculate the highest common divisor of j and 13.
13
Let m = 30 + -30. Suppose 4*l + i - 779 = 209, m = -5*l - 3*i + 1235. Suppose 7*u - 194 = l. Calculate the highest common divisor of u and 7.
7
Let x(h) = 34*h - 1285. Let u be x(37). Suppose -w = 4*z - 51, 5*w + 2*z - 120 = 3*w. Let t = w + u. Calculate the greatest common factor of 12 and t.
12
Let x(c) = -40 + 51*c - 6*c - 9*c - 100 - 22*c. Let g be x(13). What is the highest common divisor of g and 672?
42
Suppose -6 = -2*p, 14*p - 10*p - 16 = -2*n. Suppose 4*x = -4*h + 140, -4*h + n*x + 164 = -0*x. Calculate the highest common factor of 169 and h.
13
Suppose 0 = 2*b + 3*w - 15836, 40*b - 5*w + 7932 = 41*b. Suppose -11*k + b = 12*k. What is the greatest common factor of k and 8?
8
Suppose 753 - 363 - 370 = -10*v. Suppose -q + 6*q + 1920 = 0. Let t be (-128)/q - ((-1736)/(-6))/v. What is the greatest common divisor of 29 and t?
29
Let h(n) = 37*n - 254. Let q(v) = 19*v - 129. Let o(s) = 6*h(s) - 11*q(s). Let k be o(11). Calculate the greatest common factor of 38 and k.
38
Suppose 14510 = 26*t - 83406. Calculate the greatest common divisor of 14 and t.
14
Let k = -3648 + 3813. Calculate the highest common factor of k and 795.
15
Suppose -31*m + 1217 = -3836. Suppose -648 = -4*k + 11*x - 7*x, -k + m = -2*x. What is the greatest common factor of k and 138?
23
Suppose 42*v = 24960 + 5806 + 2498. What is the highest common factor of 252 and v?
36
Suppose 840 = k + 3*k. Let x be (462/168)/11 - ((-1067)/4 + -3). Calculate the highest common divisor of k and x.
30
Let a be (-9 - -13 - 1*6) + 370. Let h be 6*(2/(-11) + (-282)/(-99)). What is the highest common divisor of a and h?
16
Suppose 0 = -3*b + 6*b - 30. Let m = -2 + b. Suppose 32 = m*s - 6*s. What is the highest common divisor of s and 96?
16
Suppose -o + 20 = -46. Let s = o + -7. Let i = -39 + s. Calculate the highest common factor of i and 30.
10
Let i(s) = s**2 - 31*s + 240. Let k be i(10). Calculate the highest common factor of k and 730.
10
Suppose -1316*s - 297 = -1327*s. Calculate the highest common divisor of s and 189.
27
Let m be (-5)/(-2)*(384/15)/2. Suppose 14*v - 19*v + 160 = 0. Calculate the greatest common factor of v and m.
32
Let x(q) = -q**2 - 7*q - 8. Let f be x(-8). Let n = f + 137. What is the greatest common divisor of n and 66?
11
Suppose -3*n + 3 = 3. Suppose 2*k + 3 - 95 = n. Calculate the highest common divisor of 115 and k.
23
Suppose -3*s + 2*s - y + 3574 = 0, -10694 = -3*s + 4*y. Let u be ((-64)/10)/((-84)/s). What is the highest common divisor of 16 and u?
16
Let v be ((-28)/5)/(2/(-10)). Suppose -5*b + 0*b - 4*c = -61, 4*b - 2*c - 54 = 0. Suppose -17*h + b*h + 448 = 0. Calculate the highest common factor of h and v.
28
Let a(v) = -v**2 - 9*v + 9. Let m be a(-9). Let w = -638 - -668. Suppose 19*k = -11*k + w. Calculate the greatest common divisor of m and k.
1
Let p = -1137 + 1157. Let n be (-16)/(1/(3/(-2))). What is the highest common factor of p and n?
4
Suppose -183*a + 2*u = -186*a + 3, 4*a + 3 = -5*u. What is the highest common divisor of 1959 and a?
3
Suppose -93 - 657 = -6*s. Suppose 41 = -6*k + s. Suppose 0 = k*h - 4*h - 30. Calculate the highest common factor of h and 2.
1
Let w be (-4)/(-6)*36/(-8). Let s be (8 - 25069/(-22))/(w/(-4)). Calculate the highest common divisor of s and 90.
90
Suppose f = 5*r + 180, 24*r - 26*r = 5*f - 765. Calculate the greatest common divisor of 95 and f.
5
Let q(y) = 19*y**2 + 289*y - 31. Let l be q(-16). Calculate the highest common divisor of l and 671.
11
Let l = -12072 - -24408. What is the greatest common divisor of 48 and l?
48
Suppose -26*o + 31*o + 155 = 0. Let y = o + 28. Let c(n) = 3*n**2 + 4*n - 3. Let r be c(y). Calculate the highest common divisor of 3 and r.
3
Let r be 6/24 - (-206)/8. Suppose -268 - 44 = -2*a. Let v be (51/(-68))/(-1 + 153/a). What is the greatest common factor of r and v?
13
Suppose -5*o = -2*l + o + 252, 4*l = 3*o + 558. Calculate the highest common divisor of 198 and l.
18
Let i be 83160/2442 + (-2)/37. Calculate the highest common divisor of i and 544.
34
Let a(o) = -2*o**3 + o**2 + 2*o + 1. Let d be a(-1). Suppose 0 = c - d*c + 6. Let i be 2 + -1 + 5 - 33/11 - -9. What is the greatest common factor of i and c?
6
Let c = -11093 - -11166. What is the greatest common factor of c and 1241?
7